 Calculate g(9).
-10
Let r(f) = 3*f + 28. Give r(-10).
-2
Let u(n) = 5*n + 39. Calculate u(-9).
-6
Let t(m) = -m**3 - 4*m**2 + 2*m - 5. Give t(-5).
10
Let k(y) = -22*y - 18. Give k(-3).
48
Let p(w) = -6*w + 42. What is p(7)?
0
Let r(o) = o**3 + o**2 + 2*o + 8. What is r(-4)?
-48
Let t(h) = -2*h - 7. Give t(7).
-21
Let u(k) = -16*k**3 + 1. What is u(-1)?
17
Let d(a) = -a**2 + 9. What is d(-6)?
-27
Let u(s) = s**2 - 7*s + 5. Calculate u(5).
-5
Let t(b) = 8*b**2 - 29*b + 3. Give t(3).
-12
Let t(x) = x**3 + 16*x**2 + 7*x - 13. What is t(-15)?
107
Let c(f) = 8*f**2 + 13*f - 2. Give c(-2).
4
Let p(x) = -132*x - 410. What is p(-3)?
-14
Let a(p) = -p**2 - 18*p + 17. Calculate a(-16).
49
Let n(y) = y**3 + 3*y**2 - 3*y + 1. Give n(1).
2
Let o(w) = -w**3 + 9*w**2 - 17*w + 24. What is o(7)?
3
Let z(o) = -o**3 + 8*o**2 - 18*o + 1. Determine z(4).
-7
Let c(x) = -2*x**2 + 7*x + 4. What is c(6)?
-26
Let d(s) = s**2 - 1. Give d(0).
-1
Let g(v) = v**3 - 6*v**2 - 5*v - 1. Determine g(6).
-31
Let o(b) = -b**2 + 3*b - 4. Determine o(-4).
-32
Let h(f) = -f**3 + 8*f**2 - 7*f - 15. Give h(7).
-15
Let u(m) = -2*m**2 - 33*m + 17. What is u(-17)?
0
Let g(s) = -3*s - 50. Determine g(-12).
-14
Let d(y) = -5*y - 80. Determine d(-17).
5
Let k(g) = -g**3 + 1. Give k(1).
0
Let i(c) = c**2 - 11*c + 29. Determine i(7).
1
Let d(v) = 88*v - 610. Give d(7).
6
Let m(l) = l - 3. Calculate m(-3).
-6
Let x(y) = y**3 + 29*y**2 - 33*y - 65. Determine x(-30).
25
Let w(m) = -m**2 - 5*m + 12. Calculate w(-7).
-2
Let c(i) = -22*i + 82. Give c(4).
-6
Let y(b) = 16*b - 3. Give y(-4).
-67
Let o(v) = v**2 + 6*v + 4. Determine o(-2).
-4
Let b(z) = -2*z + 5. Give b(7).
-9
Let g(c) = 18*c - 1. Give g(3).
53
Let z(m) = -m**3 - 14*m**2 + 11*m - 13. What is z(-15)?
47
Let i(z) = 14*z - 63. Calculate i(4).
-7
Let b(s) = s + 68. Give b(0).
68
Let m(j) = j**2 - 25*j - 65. Calculate m(27).
-11
Let x(r) = r - 7. Determine x(3).
-4
Let p(s) = s**3 - 8*s**2 + 2*s - 36. Calculate p(8).
-20
Let y(f) = f**3 + 9*f**2 + 5*f + 2. Give y(-5).
77
Let r(g) = -g**3 - 6*g**2 - 10*g. Give r(-5).
25
Let t(y) = -y**2 + 15*y + 14. Calculate t(15).
14
Let n(u) = 2*u**2 + 14*u - 9. What is n(-9)?
27
Let j(c) = -c**2 - 10*c + 3. Determine j(-8).
19
Let m(g) = g**3 + 6*g**2 + 7. Give m(-6).
7
Let w(o) = 3*o + 41. What is w(-20)?
-19
Let l(w) = w**2 - 4*w + 9. What is l(8)?
41
Let g(x) = -x**3 - 9*x**2 - 9*x + 8. Give g(-8).
16
Let z(q) = -6*q - 1. What is z(5)?
-31
Let n(z) = z + 39. What is n(-3)?
36
Let o(k) = -4*k**2 - 26*k - 11. Give o(-6).
1
Let o(j) = -j**2 - 2*j + 70. Give o(-7).
35
Let f(x) = 5*x**2 + 17*x - 7. Calculate f(-4).
5
Let y(u) = u**2 + 16*u - 8. What is y(-17)?
9
Let j(k) = 2*k**2 - 67*k + 28. Calculate j(34).
62
Let j(v) = -v**3 - 3*v**2 + 7*v + 9. Give j(-4).
-3
Let l(h) = 2*h**2 + 20*h - 17. Calculate l(-11).
5
Let r(o) = o**2 + 15*o - 7. Calculate r(-12).
-43
Let v(q) = q**3 - 8*q**2 - 6*q - 12. Give v(9).
15
Let j(m) = m**3 + 11*m**2 + 13*m + 1. What is j(-9)?
46
Let l(t) = t**2 - 10*t - 49. Calculate l(15).
26
Let h(w) = 2*w**3 - 4*w - 3. Determine h(-2).
-11
Let a(n) = -n**3 + 3*n**2 - 2*n + 8. What is a(5)?
-52
Let t(a) = 5*a**2 + 123*a + 69. Calculate t(-24).
-3
Let p(v) = v**3 + 2*v**2 + 6*v - 1. Determine p(-4).
-57
Let h(k) = -k**2 + 15*k - 29. Calculate h(12).
7
Let j(k) = 2*k - 17. Determine j(12).
7
Let z(r) = 10*r**3 - 51*r**2 + 3*r. What is z(5)?
-10
Let t(q) = -q**2 + 20*q. What is t(10)?
100
Let s(i) = i**3 - 10*i**2 - 5*i + 11. Give s(11).
77
Let d(o) = o**3 + 8*o**2 + 2*o - 11. What is d(-7)?
24
Let f(s) = s**3 + 6*s**2 - 2. What is f(-5)?
23
Let h(c) = -c**3 + 14*c**2 - 5. Give h(14).
-5
Let y(f) = -f**3 - 6*f**2 - 4*f + 20. What is y(-4)?
4
Let p(b) = 2*b**2 - 9*b - 6. Calculate p(7).
29
Let w(x) = 3*x**2 + 24*x + 18. Calculate w(-7).
-3
Let j(q) = -2*q**3 + 14*q**2 + 15*q + 1. What is j(8)?
-7
Let j(q) = -7*q - 25. What is j(-6)?
17
Let f(n) = n**2 + 2*n - 8. What is f(7)?
55
Let o(b) = -b**3 + 9*b**2 - 15*b - 24. What is o(5)?
1
Let i(d) = 2*d**2 - 4*d - 26. Calculate i(5).
4
Let c(g) = -g**3 + 2*g**2 - 8*g + 18. Give c(3).
-15
Let a(q) = 3*q**2 + 31*q + 63. What is a(-8)?
7
Let z(u) = u + 10. What is z(-10)?
0
Let g(i) = -i**2 - 34*i + 33. Give g(-35).
-2
Let u(m) = 2*m**2 + 7*m + 7. Calculate u(-5).
22
Let t(w) = w**2 + w - 5. Determine t(5).
25
Let j(k) = 16*k + 325. Calculate j(-20).
5
Let s(o) = -o**3 - 3*o**2 - 2*o - 1. Calculate s(-4).
23
Let s(k) = -11*k**2 + 13*k + 2. Determine s(2).
-16
Let t(p) = 4*p**3 + p**2 - 6*p - 4. Give t(-1).
-1
Let x(y) = -y + 56. Determine x(8).
48
Let n(y) = y**3 - 14*y**2 + 27*y - 40. Give n(12).
-4
Let y(s) = -35*s - 12. Give y(-3).
93
Let h(c) = c**2 + 9*c - 4. What is h(-10)?
6
Let h(j) = j**3 - 5*j**2 - 7*j - 4. Determine h(5).
-39
Let s(y) = y + 8. What is s(-5)?
3
Let h(k) = -3*k**2 - 11*k - 11. Calculate h(-3).
-5
Let d(n) = -2*n**2 - n + 13. What is d(-5)?
-32
Let k(x) = x**2 + 9*x + 24. What is k(-4)?
4
Let u(s) = -s**2 + 14*s - 28. Give u(13).
-15
Let k(o) = o**3 - 7*o**2 + 2*o + 2. Determine k(4).
-38
Let k(h) = -h**3 - h**2 + 5*h - 3. Calculate k(2).
-5
Let b(i) = -39*i**3 - i + 1. Calculate b(1).
-39
Let u(k) = 2*k**2 + 7*k - 10. Give u(-5).
5
Let i(c) = 16*c + 17. Calculate i(7).
129
Let o(k) = -6*k + 15. Give o(9).
-39
Let q(k) = -12*k**2 + 252*k + 9. Give q(21).
9
Let s(g) = 6*g**2 + 3*g - 2. What is s(-4)?
82
Let a(d) = -d - 10. What is a(-3)?
-7
Let s(a) = a - 11. Determine s(7).
-4
Let f(d) = -4*d**2 + 7*d - 4. Determine f(5).
-69
Let h(z) = -4*z - 5. Calculate h(-4).
11
Let b(r) = 9*r**3 + 2*r**2 + r. What is b(-1)?
-8
Let q(g) = -11*g - 3. Determine q(-2).
19
Let a(l) = -l + 16. Determine a(5).
11
Let w(x) = -2*x**3 - 3*x - 7. Give w(-3).
56
Let v(b) = 3*b**2 + 55*b - 162. Determine v(-21).
6
Let o(s) = 13*s**2 + 6*s - 16. Give o(3).
119
Let c(j) = -5*j + 4. Give c(-5).
29
Let a(k) = 3*k - 48. What is a(20)?
12
Let u(k) = -k**3 + 2*k**2 - k - 3. Give u(2).
-5
Let h(g) = g - 61. What is h(20)?
-41
Let k(n) = -n**2 + 19*n + 10. What is k(-3)?
-56
Let f(k) = -5*k - 159. Calculate f(-36).
21
Let q(w) = -2*w**2 + 6*w + 8. Calculate q(6).
-28
Let n(l) = l - 25. Determine n(26).
1
Let y(c) = -47*c + 97. Give y(2).
3
Let x(m) = 71*m**3 + 2*m**2 + m. What is x(-1)?
-70
Let a(d) = d**3 + 6*d**2 + 2. What is a(-6)?
2
Let v(b) = b**2 + 15*b + 6. Determine v(-10).
-44
Let a(y) = -6*y**3 + 3*y**2 + y - 1. What is a(-1)?
7
Let p(o) = -2*o**2 + 4*o + 21. What is p(-3)?
-9
Let o(u) = 3*u + 10. What is o(3)?
19
Let v(s) = 31*s + 24. What is v(-1)?
-7
Let n(u) = -6*u**3 + 2*u**2 + u + 1. Give n(2).
-37
Let p(n) = n**3 + 9*n**2 - 9*n + 13. Calculate p(-10).
3
Let v(c) = -c**3 + 9*c**2 - 9*c - 15. Calculate v(8).
-23
Let b(h) = h**3 + 23*h**2 + 24*h + 42. Calculate b(-22).
-2
Let g(n) = 2*n - 25. What is g(18)?
11
Let x(u) = 2*u**2 + 2*u + 2. What is x(-2)?
6
Let q(p) = -4*p - 16. Determine q(-12).
32
Let t(u) = 14*u**2 - u + 1. Give t(3).
124
Let t(h) = h**2 - 29*h + 33. Calculate t(27).
-21
Let y(b) = b**3 - 8*b**2 - 23*b + 10. Give y(10).
-20
Let n(x) = x**3 + 7*x**2 + 4*x - 25. Calculate n(-7).
-53
Let l(p) = -8*p**2 + 13*p + 1. What is l(2)?
-5
Let m(f) = -f**2 + 31*f + 263. Determine m(38).
-3
Let p(k) = 9*k**3 - 3*k**2 - 3*k. Give p(-2).
-78
Let z(i) = i**3 + 6*i**2 + 3*i - 1. Give z(-6).
-19
Let f(w) = -w - 52. Determine f(-23).
-29
Let t(f) = -f**3 - f**2 - f - 2. Calculate t(-3).
19
Let z(o) = -o**3 - 2*o**2 + 25*o - 11. What is z(6)?
-149
Let b(a) = a**2 + 3*a - 1. Determine b(-4).
3
Let k(u) = -20*u**3 - u + 1. Calculate k(1).
-20
Let u(a) = -3*a**2 + 10*a. What is u(3)?
3
Let i(c) = -c**2 - 8*c - 21. What is i(-5)?
-6
Let f(r) = r**2 - 14*r - 14. Calculate f(14).
-14
Let v(o) = -o**2 - 7*o + 14. What is v(-10)?
-16
Let a(t) = t**2 + 39*t - 92. Give a(-41).
-10
Let x(y) = 7*y + 3. Determine x(0).
3
Let h(g) = -3*g**2 - g + 3. Give h(0).
3
Let k(l) = l**2 - 12*l - 13. Determine k(11).
-24
Let y(a) = -a**2 + 2*a - 1. What is y(-6)?
-49
Let p(n) = 3*n**2 - 15*n + 6. Give p(5).
6
Let s(n) = -n**2 - 5*n + 58. What is s(-10)?
8
Let p(h) = -3*h - 4. Give p(-2).
2
Let f(i) = 2*i**3 + 2*i**2 - 5*i + 5. Determine f(2).
19
Let z(f) = -f**2 + 5*f - 5. Give z(5).
-5
Let j(t) = 15*t - 6. Give j(4).
54
Let h(g) = -81*g**2 - 2*g - 2. Give h(-